{"id":11059,"date":"2023-04-05T15:26:23","date_gmt":"2023-04-05T12:26:23","guid":{"rendered":"https:\/\/athensjazz.gr\/?page_id=11059"},"modified":"2023-04-06T16:22:36","modified_gmt":"2023-04-06T13:22:36","slug":"milan-svoboda-quartet","status":"publish","type":"page","link":"https:\/\/athensjazz.gr\/en\/milan-svoboda-quartet\/","title":{"rendered":"Milan Svoboda Quartet"},"content":{"rendered":"<div class=\"vc_row wpb_row vc_row-fluid qodef-section vc_custom_1652090445565 qodef-content-aligment-left qodef-grid-section\" style=\"\"><div class=\"clearfix qodef-section-inner\"><div class=\"qodef-section-inner-margin clearfix\"><div class=\"wpb_column vc_column_container vc_col-sm-12\"><div class=\"vc_column-inner vc_custom_1491905695911\"><div class=\"wpb_wrapper\"><div class=\"qodef-elements-holder qodef-responsive-mode-768\" ><div class=\"qodef-elements-holder-item\" data-item-class=\"qodef-elements-holder-custom-840365\" data-1024-1280=\"0 14% 0 0\" data-600-768=\"0 0 0 0\" data-480-600=\"0 0 0 4%\" data-480=\"0 0 0 4%\" >\n\t<div class=\"qodef-elements-holder-item-inner\">\n\t\t<div class=\"qodef-elements-holder-item-content qodef-elements-holder-custom-840365\" style=\"padding: 0 35% 0 0\">\n\t\t\t\n\t<div class=\"wpb_text_column wpb_content_element  vc_custom_1680697498364\" >\n\t\t<div class=\"wpb_wrapper\">\n\t\t\t<h2><span style=\"color: #ffffff;\">Milan Svoboda Quartet (Czech Republic)<\/span><\/h2>\n\n\t\t<\/div>\n\t<\/div>\n<div class=\"vc_empty_space\"   style=\"height: 10px\"><span class=\"vc_empty_space_inner\"><\/span><\/div>\n\t<div class=\"wpb_text_column wpb_content_element\" >\n\t\t<div class=\"wpb_wrapper\">\n\t\t\t<p align=\"justify\" class=\" translation-block\">Milan Kraj\u00edc (tenor and soprano saxophone), Milan Svoboda (piano, keyboards), Filip Sp\u00e1len\u00fd (bass), Ivan Audes (drums)<\/p>\n\n\t\t<\/div>\n\t<\/div>\n<div class=\"qodef-separator-holder clearfix  qodef-separator-left\">\n\t<div class=\"qodef-separator\" style=\"border-color: #ffffff;border-style: solid;width: 32px;border-bottom-width: 6px;margin-top: 24px;margin-bottom: 25px\"><\/div>\n<\/div>\n\n\t<div class=\"wpb_text_column wpb_content_element  archive-artist-anchors\" >\n\t\t<div class=\"wpb_wrapper\">\n\t\t\t<p align=\"justify\" class=\" translation-block\">Milan Svoboda is a leading and historic figure for the Czech jazz scene. He has carved his own path as a pianist, composer, conductor and teacher in Czechoslovakia, and later Czech Republic. His jazz quartet is one of his main activities. Its lineup features some excellent musicians and its music is based on the 60s and 70s jazz, already having a strong musical identity through a 35-year-old career. The group\u2019s repertoire consists of Milan Svoboda\u2019s original compositions with a wide range of musical influences, from rock to classical music. The Quartet has frequently performed with top musicians such as Tony Lakatos or Jiri Stivin.<\/p>\n\n\t\t<\/div>\n\t<\/div>\n\t\t<\/div>\n\t<\/div>\n<\/div><\/div><\/div><\/div><\/div><\/div><\/div><\/div><div class=\"vc_row wpb_row vc_row-fluid qodef-section vc_custom_1661935631573 qodef-content-aligment-left\" style=\"\"><div class=\"clearfix qodef-full-section-inner\"><div class=\"wpb_column vc_column_container vc_col-sm-4\"><div class=\"vc_column-inner\"><div class=\"wpb_wrapper\">\n\t<div  class=\"wpb_single_image wpb_content_element vc_align_left\">\n\t\t\n\t\t<figure class=\"wpb_wrapper vc_figure\">\n\t\t\t<div class=\"vc_single_image-wrapper   vc_box_border_grey\"><img class=\"vc_single_image-img\" src=\"https:\/\/athensjazz.gr\/wp-content\/uploads\/2023\/04\/800x800_20180607_jazzfest_day4_thmarkou_043-550x400.jpg\" width=\"550\" height=\"400\" alt=\"800x800_20180607_jazzfest_day4_thmarkou_043\" title=\"800x800_20180607_jazzfest_day4_thmarkou_043\" \/><\/div>\n\t\t<\/figure>\n\t<\/div>\n<\/div><\/div><\/div><div class=\"wpb_column vc_column_container vc_col-sm-4\"><div class=\"vc_column-inner\"><div class=\"wpb_wrapper\">\n\t<div  class=\"wpb_single_image wpb_content_element vc_align_left\">\n\t\t\n\t\t<figure class=\"wpb_wrapper vc_figure\">\n\t\t\t<div class=\"vc_single_image-wrapper   vc_box_border_grey\"><img class=\"vc_single_image-img\" src=\"https:\/\/athensjazz.gr\/wp-content\/uploads\/2023\/04\/800x800_20180607_jazzfest_day4_thmarkou_036-550x400.jpg\" width=\"550\" height=\"400\" alt=\"800x800_20180607_jazzfest_day4_thmarkou_036\" title=\"800x800_20180607_jazzfest_day4_thmarkou_036\" \/><\/div>\n\t\t<\/figure>\n\t<\/div>\n<\/div><\/div><\/div><div class=\"wpb_column vc_column_container vc_col-sm-4\"><div class=\"vc_column-inner\"><div class=\"wpb_wrapper\">\n\t<div  class=\"wpb_single_image wpb_content_element vc_align_left\">\n\t\t\n\t\t<figure class=\"wpb_wrapper vc_figure\">\n\t\t\t<div class=\"vc_single_image-wrapper   vc_box_border_grey\"><img class=\"vc_single_image-img\" src=\"https:\/\/athensjazz.gr\/wp-content\/uploads\/2023\/04\/800x800_20180607_jazzfest_day4_thmarkou_042-550x400.jpg\" width=\"550\" height=\"400\" alt=\"800x800_20180607_jazzfest_day4_thmarkou_042\" title=\"800x800_20180607_jazzfest_day4_thmarkou_042\" \/><\/div>\n\t\t<\/figure>\n\t<\/div>\n<\/div><\/div><\/div><\/div><\/div>","protected":false},"excerpt":{"rendered":"Milan Svoboda Quartet (\u03a4\u03c3\u03b5\u03c7\u03af\u03b1) Milan Kraj\u00edc (\u03c4\u03b5\u03bd\u03cc\u03c1\u03bf \u03ba\u03b1\u03b9 \u03c3\u03bf\u03c0\u03c1\u03ac\u03bd\u03bf \u03c3\u03b1\u03be\u03cc\u03c6\u03c9\u03bd\u03bf), Milan Svoboda (\u03c0\u03b9\u03ac\u03bd\u03bf, \u03c0\u03bb\u03ae\u03ba\u03c4\u03c1\u03b1), Filip Sp\u00e1len\u00fd (\u03bc\u03c0\u03ac\u03c3\u03bf), Ivan Audes (\u03bd\u03c4\u03c1\u03b1\u03bc\u03c2)...","protected":false},"author":1,"featured_media":0,"parent":0,"menu_order":0,"comment_status":"closed","ping_status":"closed","template":"full-width.php","meta":{"_seopress_robots_primary_cat":"","_seopress_titles_title":"","_seopress_titles_desc":"","_seopress_robots_index":"","_expiration-date-status":"","_expiration-date":0,"_expiration-date-type":"","_expiration-date-categories":[],"_expiration-date-options":[]},"acf":[],"_links":{"self":[{"href":"https:\/\/athensjazz.gr\/en\/wp-json\/wp\/v2\/pages\/11059"}],"collection":[{"href":"https:\/\/athensjazz.gr\/en\/wp-json\/wp\/v2\/pages"}],"about":[{"href":"https:\/\/athensjazz.gr\/en\/wp-json\/wp\/v2\/types\/page"}],"author":[{"embeddable":true,"href":"https:\/\/athensjazz.gr\/en\/wp-json\/wp\/v2\/users\/1"}],"replies":[{"embeddable":true,"href":"https:\/\/athensjazz.gr\/en\/wp-json\/wp\/v2\/comments?post=11059"}],"version-history":[{"count":2,"href":"https:\/\/athensjazz.gr\/en\/wp-json\/wp\/v2\/pages\/11059\/revisions"}],"predecessor-version":[{"id":11348,"href":"https:\/\/athensjazz.gr\/en\/wp-json\/wp\/v2\/pages\/11059\/revisions\/11348"}],"wp:attachment":[{"href":"https:\/\/athensjazz.gr\/en\/wp-json\/wp\/v2\/media?parent=11059"}],"curies":[{"name":"wp","href":"https:\/\/api.w.org\/{rel}","templated":true}]}}

<div class="vc_row wpb_row vc_row-fluid qodef-section vc_custom_1652090445565 qodef-content-aligment-left qodef-grid-section" style=""><div class="clearfix qodef-section-inner"><div class="qodef-section-inner-margin clearfix"><div class="wpb_column vc_column_container vc_col-sm-12"><div class="vc_column-inner vc_custom_1491905695911"><div class="wpb_wrapper"><div class="qodef-elements-holder qodef-responsive-mode-768" ><div class="qodef-elements-holder-item" data-item-class="qodef-elements-holder-custom-840365" data-1024-1280="0 14% 0 0" data-600-768="0 0 0 0" data-480-600="0 0 0 4%" data-480="0 0 0 4%" >
	<div class="qodef-elements-holder-item-inner">
		<div class="qodef-elements-holder-item-content qodef-elements-holder-custom-840365" style="padding: 0 35% 0 0">
			
	<div class="wpb_text_column wpb_content_element  vc_custom_1680697498364" >
		<div class="wpb_wrapper">
			<h2><span style="color: #ffffff;">Milan Svoboda Quartet (Czech Republic)</span></h2>

		</div>
	</div>
<div class="vc_empty_space"   style="height: 10px"><span class="vc_empty_space_inner"></span></div>
	<div class="wpb_text_column wpb_content_element" >
		<div class="wpb_wrapper">
			<p align="justify" class=" translation-block">Milan Krajíc (tenor and soprano saxophone), Milan Svoboda (piano, keyboards), Filip Spálený (bass), Ivan Audes (drums)</p>

		</div>
	</div>
<div class="qodef-separator-holder clearfix  qodef-separator-left">
	<div class="qodef-separator" style="border-color: #ffffff;border-style: solid;width: 32px;border-bottom-width: 6px;margin-top: 24px;margin-bottom: 25px"></div>
</div>

	<div class="wpb_text_column wpb_content_element  archive-artist-anchors" >
		<div class="wpb_wrapper">
			<p align="justify" class=" translation-block">Milan Svoboda is a leading and historic figure for the Czech jazz scene. He has carved his own path as a pianist, composer, conductor and teacher in Czechoslovakia, and later Czech Republic. His jazz quartet is one of his main activities. Its lineup features some excellent musicians and its music is based on the 60s and 70s jazz, already having a strong musical identity through a 35-year-old career. The group’s repertoire consists of Milan Svoboda’s original compositions with a wide range of musical influences, from rock to classical music. The Quartet has frequently performed with top musicians such as Tony Lakatos or Jiri Stivin.</p>

		</div>
	</div>
		</div>
	</div>
</div></div></div></div></div></div></div></div><div class="vc_row wpb_row vc_row-fluid qodef-section vc_custom_1661935631573 qodef-content-aligment-left" style=""><div class="clearfix qodef-full-section-inner"><div class="wpb_column vc_column_container vc_col-sm-4"><div class="vc_column-inner"><div class="wpb_wrapper">
	<div  class="wpb_single_image wpb_content_element vc_align_left">
		
		<figure class="wpb_wrapper vc_figure">
			<div class="vc_single_image-wrapper   vc_box_border_grey"><img class="vc_single_image-img" src="https://athensjazz.gr/wp-content/uploads/2023/04/800x800_20180607_jazzfest_day4_thmarkou_043-550x400.jpg" width="550" height="400" alt="800x800_20180607_jazzfest_day4_thmarkou_043" title="800x800_20180607_jazzfest_day4_thmarkou_043" /></div>
		</figure>
	</div>
</div></div></div><div class="wpb_column vc_column_container vc_col-sm-4"><div class="vc_column-inner"><div class="wpb_wrapper">
	<div  class="wpb_single_image wpb_content_element vc_align_left">
		
		<figure class="wpb_wrapper vc_figure">
			<div class="vc_single_image-wrapper   vc_box_border_grey"><img class="vc_single_image-img" src="https://athensjazz.gr/wp-content/uploads/2023/04/800x800_20180607_jazzfest_day4_thmarkou_036-550x400.jpg" width="550" height="400" alt="800x800_20180607_jazzfest_day4_thmarkou_036" title="800x800_20180607_jazzfest_day4_thmarkou_036" /></div>
		</figure>
	</div>
</div></div></div><div class="wpb_column vc_column_container vc_col-sm-4"><div class="vc_column-inner"><div class="wpb_wrapper">
	<div  class="wpb_single_image wpb_content_element vc_align_left">
		
		<figure class="wpb_wrapper vc_figure">
			<div class="vc_single_image-wrapper   vc_box_border_grey"><img class="vc_single_image-img" src="https://athensjazz.gr/wp-content/uploads/2023/04/800x800_20180607_jazzfest_day4_thmarkou_042-550x400.jpg" width="550" height="400" alt="800x800_20180607_jazzfest_day4_thmarkou_042" title="800x800_20180607_jazzfest_day4_thmarkou_042" /></div>
		</figure>
	</div>
</div></div></div></div></div>

Milan Svoboda Quartet (Τσεχία) Milan Krajíc (τενόρο και σοπράνο σαξόφωνο), Milan Svoboda (πιάνο, πλήκτρα), Filip Spálený (μπάσο), Ivan Audes (ντραμς)...
